7?
3, 17, 37
What are the prime factors of 9066200?
2, 5, 11, 13, 317
What are the prime factors of 2618336?
2, 7, 11689
What are the prime factors of 814890?
2, 3, 5, 23, 1181
What are the prime factors of 6759483?
3, 2253161
List the prime factors of 10254213.
3, 17, 67021
List the prime factors of 2913684.
2, 3, 242807
What are the prime factors of 4125294?
2, 3, 31, 7393
List the prime factors of 579021.
3, 257, 751
What are the prime factors of 496200?
2, 3, 5, 827
List the prime factors of 1738645.
5, 347729
What are the prime factors of 767932?
2, 11, 31, 563
List the prime factors of 15825989.
113, 140053
List the prime factors of 64179.
3, 2377
List the prime factors of 446273.
446273
List the prime factors of 294563.
294563
What are the prime factors of 334813?
37, 9049
List the prime factors of 429249.
3, 23, 6221
List the prime factors of 4983732.
2, 3, 13, 23, 463
List the prime factors of 75453.
3, 7, 3593
List the prime factors of 4362057.
3, 7, 69239
What are the prime factors of 3435661?
3435661
List the prime factors of 617793.
3, 11, 97, 193
What are the prime factors of 14727515?
5, 11, 2213
What are the prime factors of 34205812?
2, 43, 71, 2801
What are the prime factors of 6003254?
2, 61, 49207
List the prime factors of 645243.
3, 37, 5813
What are the prime factors of 8324274?
2, 3, 7, 198197
List the prime factors of 1277328.
2, 3, 13, 23, 89
What are the prime factors of 9178573?
31, 296083
List the prime factors of 2156230.
2, 5, 257, 839
List the prime factors of 248955.
3, 5, 7, 2371
List the prime factors of 4592373.
3, 1530791
What are the prime factors of 1802279?
1802279
List the prime factors of 2068442.
2, 1034221
List the prime factors of 254019.
3, 84673
What are the prime factors of 5264048?
2, 31, 10613
What are the prime factors of 1158224?
2, 191, 379
What are the prime factors of 22149108?
2, 3, 615253
List the prime factors of 1210106.
2, 43, 14071
What are the prime factors of 86234?
2, 43117
List the prime factors of 53548.
2, 11, 1217
List the prime factors of 1712850.
2, 3, 5, 19, 601
List the prime factors of 303145.
5, 19, 3191
List the prime factors of 3072253.
41, 74933
What are the prime factors of 1089057?
3, 363019
What are the prime factors of 5903927?
19, 310733
What are the prime factors of 69357?
3, 61, 379
List the prime factors of 7976092.
2, 59, 33797
What are the prime factors of 775266?
2, 3, 157, 823
List the prime factors of 745078.
2, 372539
List the prime factors of 230484.
2, 3, 19207
What are the prime factors of 135152?
2, 8447
List the prime factors of 13535078.
2, 991, 6829
What are the prime factors of 31458466?
2, 13, 17, 103, 691
List the prime factors of 3594738.
2, 3, 7, 12227
What are the prime factors of 294675?
3, 5, 3929
List the prime factors of 246117.
3, 82039
What are the prime factors of 3281853?
3, 1093951
What are the prime factors of 88645?
5, 17729
List the prime factors of 2650223.
29, 91387
List the prime factors of 1576170.
2, 3, 5, 83, 211
List the prime factors of 578070.
2, 3, 5, 2141
What are the prime factors of 101075?
5, 13, 311
List the prime factors of 309044.
2, 77261
What are the prime factors of 296577?
3, 31, 1063
What are the prime factors of 10710611?
53, 202087
List the prime factors of 1002130.
2, 5, 100213
What are the prime factors of 2618213?
13, 201401
What are the prime factors of 1922672?
2, 120167
What are the prime factors of 20916216?
2, 3, 449, 647
List the prime factors of 97058.
2, 13, 3733
List the prime factors of 31615720.
2, 5, 809, 977
What are the prime factors of 86150?
2, 5, 1723
What are the prime factors of 1050916?
2, 23, 11423
What are the prime factors of 17796451?
73, 243787
What are the prime factors of 1029865?
5, 281, 733
What are the prime factors of 2604035?
5, 7, 47, 1583
What are the prime factors of 785181?
3, 79, 3313
List the prime factors of 102511.
23, 4457
What are the prime factors of 102291?
3, 7, 4871
What are the prime factors of 167918?
2, 113, 743
List the prime factors of 1117028.
2, 11, 53, 479
What are the prime factors of 1116426?
2, 3, 186071
What are the prime factors of 26523?
3, 7, 421
What are the prime factors of 1738553?
59, 79, 373
List the prime factors of 13130235.
3, 5, 19, 5119
What are the prime factors of 73337?
11, 59, 113
List the prime factors of 13271157.
3, 509, 2897
List the prime factors of 30389342.
2, 769, 19759
List the prime factors of 19046514.
2, 3, 3174419
List the prime factors of 765939.
3, 255313
List the prime factors of 2918479.
2918479
What are the prime factors of 14044468?
2, 29, 41, 2953
List the prime factors of 24132997.
7, 73, 83, 569
What are the prime factors of 166508?
2, 41627
What are the prime factors of 12882937?
139, 92683
What are the prime factors of 30348559?
2621, 11579
What are the prime factors of 25739?
7, 3677
List the prime factors of 348399.
3, 38711
What are the prime factors of 5980989?
3, 7, 23, 29, 61
List the prime factors of 26621998.
2, 13, 103, 9941
What are the prime factors of 324792?
2, 3, 13, 347
What are the prime factors of 808062?
2, 3, 134677
What are the prime factors of 2447773?
2447773
List the prime factors of 445967.
445967
List the prime factors of 22393294.
2, 7, 11, 20773
List the prime factors of 613327.
11, 13, 4289
List the prime factors of 471596.
2, 117899
What are the prime factors of 3095820?
2, 3, 5, 7, 13
What are the prime factors of 505315?
5, 101063
List the prime factors of 2872638.
2, 3, 53197
List the prime factors of 2676495.
3, 5, 109, 1637
What are the prime factors of 115842?
2, 3, 43, 449
List the prime factors of 8955962.
2, 31, 144451
List the prime factors of 179728.
2, 47, 239
List the prime factors of 5453173.
11, 73, 6791
List the prime factors of 225512.
2, 7, 4027
List the prime factors of 1013837.
11, 37, 47, 53
What are the prime factors of 10300191?
3, 11, 29, 47, 229
What are the prime factors of 6255687?
3, 2085229
What are the prime factors of 279097?
7, 13, 3067
List the prime factors of 271689.
3, 11, 8233
What are the prime factors of 12057098?
2, 29, 47, 4423
List the prime factors of 8225269.
13, 632713
What are the prime factors of 193218?
2, 3, 32203
What are the prime factors of 2581066?
2, 1290533
List the prime factors of 204596.
2, 7, 7307
What are the prime factors of 145600?
2, 5, 7, 13
What are the prime factors of 1171873?
23, 50951
List the prime factors of 1653978.
2, 3, 181, 1523
List the prime factors of 1277110.
2, 5, 127711
What are the prime factors of 6967493?
13, 193, 2777
List the prime factors of 961310.
2, 5, 7, 31, 443
List the prime factors of 1454286.
2, 3, 163, 1487
What are the prime factors of 179454?
2, 3, 11, 2719
List the prime factors of 208087.
11, 18917
What are the prime factors of 10460119?
10460119
List the prime factors of 6413220.
2, 3, 5, 11, 41, 79
List the prime factors of 5280962.
2, 1613, 1637
What are the prime factors of 9789473?
9789473
What are the prime factors of 278451?
3, 10313
List the prime factors of 3258171.
3, 7, 17239
What are the prime factors of 5031893?
433, 11621
What are the prime factors of 24183239?
47, 71, 7247
What are the prime factors of 378669?
3, 126223
List the prime factors of 1634274.
2, 3, 90793
What are the prime factors of 2730045?
3, 5, 37, 4919
What are the prime factors of 3984662?
2, 11, 71, 2551
What are the prime factors of 230480?
2, 5, 43, 67
What are the prime factors of 774878?
2, 13, 29803
What are the prime factors of 431752?
2, 29, 1861
List the prime factors of 1632826.
2, 13, 62801
What are the prime factors of 939127?
7, 134161
What are the prime factors of 2929567?
383, 7649
List the prime factors of 6650208.
2, 3, 43, 179
What are the prime factors of 2030343?
3, 7, 109, 887
What are the prime factors of 7622227?
89, 85643
What are the prime factors of 236364?
2, 3, 19697
List the prime factors of 4524940.
2, 5, 7, 32321
What are the prime factors of 109618?
2, 23, 2383
What are the prime factors of 3228546?
2, 3, 37, 14543
List the prime factors of 631882.
2, 193, 1637
List the prime factors of 47725.
5, 23, 83
What are the prime factors of 13214154?
2, 3, 2202359
What are the prime factors of 84207?
3, 28069
List the prime factors of 625290.
2, 3, 5, 19, 1097
What are 